{"id":13,"date":"2017-07-12T12:43:12","date_gmt":"2017-07-12T12:43:12","guid":{"rendered":"http:\/\/www.xn--tyventalot-s5a8s.fi\/?page_id=13"},"modified":"2025-06-04T10:56:58","modified_gmt":"2025-06-04T10:56:58","slug":"johtokunta-2017","status":"publish","type":"page","link":"https:\/\/tyovaentalot.fi\/?page_id=13","title":{"rendered":"Johtokunta 2025-2026"},"content":{"rendered":"<p><strong>Puheenjohtaja<br \/>\n<\/strong>Kimmo Ojala, Jyv\u00e4skyl\u00e4<\/p>\n<p><strong>Varapuheenjohtaja<br \/>\n<\/strong>Kalervo Haverinen, Helsinki<\/p>\n<p><strong>Sihteeri\/Toiminnanjohtaja<br \/>\n<\/strong>Katri Kujanp\u00e4\u00e4, Kankaanp\u00e4\u00e4<\/p>\n<p><strong>Johtokunta<br \/>\n<\/strong>Riitta Ekstam, Nivala, taloudenhoitaja<br \/>\nVisa Tammi, Vantaa, j\u00e4senasiainhoitaja<br \/>\nRisto Kakkola, Joutseno<br \/>\nVille Kirkonpelto, Lahti<br \/>\nKaisa L\u00e4\u00e4r\u00e4, Tampere<br \/>\nEsa Suominen, Turku<br \/>\nHarri Rapo, Rovaniemi<br \/>\nMartti Ruokolainen, Kuopio<br \/>\nMatti Savolainen, Pori<br \/>\nBirgitta Sihto, Ilmajoki<\/p>\n","protected":false},"excerpt":{"rendered":"<p>Puheenjohtaja Kimmo Ojala, Jyv\u00e4skyl\u00e4 Varapuheenjohtaja Kalervo Haverinen, Helsinki Sihteeri\/Toiminnanjohtaja Katri Kujanp\u00e4\u00e4, Kankaanp\u00e4\u00e4 Johtokunta Riitta Ekstam, Nivala, taloudenhoitaja Visa Tammi, Vantaa, j\u00e4senasiainhoitaja Risto Kakkola, Joutseno Ville Kirkonpelto, Lahti Kaisa L\u00e4\u00e4r\u00e4, Tampere Esa Suominen, Turku Harri Rapo, Rovaniemi Martti Ruokolainen, Kuopio Matti Savolainen, Pori Birgitta Sihto, Ilmajoki<\/p>\n","protected":false},"author":1,"featured_media":0,"parent":0,"menu_order":0,"comment_status":"closed","ping_status":"closed","template":"","meta":{"footnotes":""},"class_list":["post-13","page","type-page","status-publish","hentry"],"_links":{"self":[{"href":"https:\/\/tyovaentalot.fi\/index.php?rest_route=\/wp\/v2\/pages\/13","targetHints":{"allow":["GET"]}}],"collection":[{"href":"https:\/\/tyovaentalot.fi\/index.php?rest_route=\/wp\/v2\/pages"}],"about":[{"href":"https:\/\/tyovaentalot.fi\/index.php?rest_route=\/wp\/v2\/types\/page"}],"author":[{"embeddable":true,"href":"https:\/\/tyovaentalot.fi\/index.php?rest_route=\/wp\/v2\/users\/1"}],"replies":[{"embeddable":true,"href":"https:\/\/tyovaentalot.fi\/index.php?rest_route=%2Fwp%2Fv2%2Fcomments&post=13"}],"version-history":[{"count":14,"href":"https:\/\/tyovaentalot.fi\/index.php?rest_route=\/wp\/v2\/pages\/13\/revisions"}],"predecessor-version":[{"id":136,"href":"https:\/\/tyovaentalot.fi\/index.php?rest_route=\/wp\/v2\/pages\/13\/revisions\/136"}],"wp:attachment":[{"href":"https:\/\/tyovaentalot.fi\/index.php?rest_route=%2Fwp%2Fv2%2Fmedia&parent=13"}],"curies":[{"name":"wp","href":"https:\/\/api.w.org\/{rel}","templated":true}]}}