{"id":15,"date":"2017-07-12T12:45:01","date_gmt":"2017-07-12T12:45:01","guid":{"rendered":"http:\/\/www.xn--tyventalot-s5a8s.fi\/?page_id=15"},"modified":"2026-04-22T15:31:59","modified_gmt":"2026-04-22T15:31:59","slug":"yhteystiedot","status":"publish","type":"page","link":"https:\/\/tyovaentalot.fi\/?page_id=15","title":{"rendered":"Yhteystiedot"},"content":{"rendered":"\n<p><strong>Suomen Ty\u00f6v\u00e4entalojen Liitto ry<\/strong><\/p>\n\n\n\n<p>Puheenjohtaja Kimmo Ojala<br>Puh. 050 527 6884<br>kimmo.ojala@jty.fi<\/p>\n\n\n\n<p>Toiminnanjohtaja Katri Kujanp\u00e4\u00e4<br>Puh. 044 710 5312<br>sttl@tyovaentalot.fi<\/p>\n\n\n\n<p>Posti:<br>c\/o Jyv\u00e4skyl\u00e4n Ty<br>Kauppakatu 30 A<br>40100 JYV\u00c4SKYL\u00c4<\/p>\n\n\n\n<blockquote class=\"wp-block-quote is-layout-flow wp-block-quote-is-layout-flow\">\n<h3 class=\"wp-block-heading\">Uudenmaan ty\u00f6v\u00e4entaloilla on oma sivusto, <a href=\"http:\/\/varaatyovaentalo.fi\" data-type=\"link\" data-id=\"varaatyovaentalo.fi\">varaatyovaentalo.fi.<\/a>  Sivustolta l\u00f6yd\u00e4t talot esittelyineen ja hinnastoineen.<\/h3>\n\n\n\n<p><\/p>\n<cite>Tutustu ty\u00f6v\u00e4entaloihin<a href=\"https:\/\/www.seurantalot.fi\/hae-seurantaloja?hname=&amp;municipality=&amp;province=&amp;city=&amp;zip=&amp;hgroup=11&amp;page=1\" data-type=\"URL\" data-id=\"https:\/\/www.seurantalot.fi\/hae-seurantaloja?hname=&amp;municipality=&amp;province=&amp;city=&amp;zip=&amp;hgroup=11&amp;page=1\" target=\"_blank\" rel=\"noreferrer noopener\"> Kotiseutuliiton seurantalot.fi-sivustolla<\/a>. Sivuston tietoja p\u00e4ivitt\u00e4v\u00e4t talot itse, mik\u00e4li talollanne ei ole tunnuksia, ole yhteydess\u00e4 toiminanjohtajaan.<\/cite><\/blockquote>\n","protected":false},"excerpt":{"rendered":"<p>Suomen Ty\u00f6v\u00e4entalojen Liitto ry Puheenjohtaja Kimmo OjalaPuh. 050 527 6884kimmo.ojala@jty.fi Toiminnanjohtaja Katri Kujanp\u00e4\u00e4Puh. 044 710 5312sttl@tyovaentalot.fi Posti:c\/o Jyv\u00e4skyl\u00e4n TyKauppakatu 30 A40100 JYV\u00c4SKYL\u00c4 Uudenmaan ty\u00f6v\u00e4entaloilla on oma sivusto, varaatyovaentalo.fi. Sivustolta l\u00f6yd\u00e4t talot esittelyineen ja hinnastoineen. Tutustu ty\u00f6v\u00e4entaloihin Kotiseutuliiton seurantalot.fi-sivustolla. Sivuston tietoja p\u00e4ivitt\u00e4v\u00e4t talot itse, mik\u00e4li talollanne ei ole tunnuksia, ole yhteydess\u00e4 toiminanjohtajaan.<\/p>\n","protected":false},"author":1,"featured_media":0,"parent":0,"menu_order":0,"comment_status":"closed","ping_status":"closed","template":"","meta":{"footnotes":""},"class_list":["post-15","page","type-page","status-publish","hentry"],"_links":{"self":[{"href":"https:\/\/tyovaentalot.fi\/index.php?rest_route=\/wp\/v2\/pages\/15","targetHints":{"allow":["GET"]}}],"collection":[{"href":"https:\/\/tyovaentalot.fi\/index.php?rest_route=\/wp\/v2\/pages"}],"about":[{"href":"https:\/\/tyovaentalot.fi\/index.php?rest_route=\/wp\/v2\/types\/page"}],"author":[{"embeddable":true,"href":"https:\/\/tyovaentalot.fi\/index.php?rest_route=\/wp\/v2\/users\/1"}],"replies":[{"embeddable":true,"href":"https:\/\/tyovaentalot.fi\/index.php?rest_route=%2Fwp%2Fv2%2Fcomments&post=15"}],"version-history":[{"count":11,"href":"https:\/\/tyovaentalot.fi\/index.php?rest_route=\/wp\/v2\/pages\/15\/revisions"}],"predecessor-version":[{"id":159,"href":"https:\/\/tyovaentalot.fi\/index.php?rest_route=\/wp\/v2\/pages\/15\/revisions\/159"}],"wp:attachment":[{"href":"https:\/\/tyovaentalot.fi\/index.php?rest_route=%2Fwp%2Fv2%2Fmedia&parent=15"}],"curies":[{"name":"wp","href":"https:\/\/api.w.org\/{rel}","templated":true}]}}